{"id":298,"date":"2020-10-21T21:29:25","date_gmt":"2020-10-21T19:29:25","guid":{"rendered":"http:\/\/michaelis.kirchechemnitz.de\/wordpress\/?page_id=298"},"modified":"2025-12-03T18:12:14","modified_gmt":"2025-12-03T17:12:14","slug":"friedhof-harthau","status":"publish","type":"page","link":"https:\/\/michaelis.kirchechemnitz.de\/wordpress\/friedhoefe\/friedhof-harthau\/","title":{"rendered":"Friedhof Harthau"},"content":{"rendered":"\n<p>Wer aus dem Erzgebirge den Harthauer Berg herunter f\u00e4hrt, erkennt als erste Chemnitzer Kirche die Lutherkirche Harthau und den oberhalb davon liegenden Friedhof. Er wurde 1904 er\u00f6ffnet \u2013 noch vor dem Bau der Kirche \u2013 und ersetzte den die Alte Kirche umgebenden Friedhof, der f\u00fcr die damals rasant gestiegene Einwohnerzahl des Industrieortes nicht mehr ausreichte. Durch sinkende Bev\u00f6lkerung seit den 1950er Jahren ging die Anzahl der Bestattungen zur\u00fcck. Das erm\u00f6glichte in den letzten drei Jahrzehnten, den Friedhof naturnah zu belassen und park\u00e4hnlich zu gestalten, damit er nicht nur Begr\u00e4bnisplatz, sondern Ort der Ruhe und Besinnung ist.<\/p>\n\n\n\n<figure class=\"wp-block-image\"><img loading=\"lazy\" decoding=\"async\" width=\"1280\" height=\"853\" src=\"https:\/\/michaelis.kirchechemnitz.de\/wordpress\/wp-content\/uploads\/2020\/10\/friehhof-harthau1-1280x853.jpg\" alt=\"\" class=\"wp-image-301\" srcset=\"https:\/\/michaelis.kirchechemnitz.de\/wordpress\/wp-content\/uploads\/2020\/10\/friehhof-harthau1-1280x853.jpg 1280w, https:\/\/michaelis.kirchechemnitz.de\/wordpress\/wp-content\/uploads\/2020\/10\/friehhof-harthau1-150x100.jpg 150w, https:\/\/michaelis.kirchechemnitz.de\/wordpress\/wp-content\/uploads\/2020\/10\/friehhof-harthau1-300x200.jpg 300w, https:\/\/michaelis.kirchechemnitz.de\/wordpress\/wp-content\/uploads\/2020\/10\/friehhof-harthau1-768x512.jpg 768w, https:\/\/michaelis.kirchechemnitz.de\/wordpress\/wp-content\/uploads\/2020\/10\/friehhof-harthau1.jpg 2048w\" sizes=\"auto, (max-width: 1280px) 100vw, 1280px\" \/><\/figure>\n\n\n\n<p>Erd- und Urnenbestattungen in verschiedenen Grabarten sind hier f\u00fcr jedermann m\u00f6glich. Eine Bepflanzung der Gr\u00e4ber mit Gr\u00fcnendem und Bl\u00fchendem zeugt von Erinnerung, Dankbarkeit und Hoffnung, die \u00fcber die Trauer hinausreicht. Diese M\u00f6glichkeit des individuellen Gedenkens ist Hauptanliegen bei der Beratung zur Auswahl und Gestaltung der Grabst\u00e4tten.<\/p>\n\n\n\n<p>Die Friedhofsverwaltung befindet sich im Pfarramt Harthau, St\u00f6cklstra\u00dfe 6. Die \u00d6ffnungszeiten entnehmen Sie bitte dem <a href=\"\/wordpress\/pfarramt#harthau\">Kontaktbereich dieser Website<\/a>. Hier erhalten Sie auch Ausk\u00fcnfte \u00fcber die Geb\u00fchren. Der Friedhofsverwalter S. Richter ist meist montags &#8211; freitags bis 15 Uhr auf dem Friedhof erreichbar, sonst \u00fcber Telefon 0157 30225899.<\/p>\n\n\n\n<h2 class=\"wp-block-heading\">Friedhofsgeb\u00fchren&nbsp;<\/h2>\n\n\n\n<p>Die Preise sind von der Art der Trauerfeier und der Bestattung abh\u00e4ngig und betragen ca.<\/p>\n\n\n\n<figure class=\"wp-block-table\"><table class=\"has-fixed-layout\"><tbody><tr><td>f\u00fcr eine Erdbestattung im Einzelgrab<\/td><td>1.940,00 \u20ac<\/td><\/tr><tr><td>f\u00fcr eine Erdbestattung im Doppelgrab<\/td><td>3.050,00 \u20ac<\/td><\/tr><tr><td>f\u00fcr eine Erdbestattung in einer Gemeinschaftsreihe (mit Grabplatte und Grabpflege f\u00fcr 20 Jahre)<\/td><td>4.186,50 \u20ac<\/td><\/tr><tr><td>f\u00fcr eine Urnenfeier mit Beisetzung in einem Grab f\u00fcr 2 Urnen<\/td><td>1.670,00 \u20ac<\/td><\/tr><tr><td>f\u00fcr eine Urnenfeier mit Beisetzung in einem Gemeinschaftsgrab (mit Grabmalbeschriftung und Grabpflege f\u00fcr 20 Jahre)<\/td><td>3.350,63 \u20ac<\/td><\/tr><tr><td>f\u00fcr eine Urnenfeier mit Beisetzung im Grab f\u00fcr 2 Urnen mit Grabpflege f\u00fcr 20 Jahre<\/td><td>3.003,75 \u20ac<\/td><\/tr><tr><td>f\u00fcr eine Urnenfeier mit Beisetzung in einer Partnergemeinschaftsanlage (f\u00fcr je 2 nebeneinanderliegende Urnen; mit Grabmal und Grabpflege), 1. Beisetzung<\/td><td>3.554,88 \u20ac<\/td><\/tr><\/tbody><\/table><\/figure>\n\n\n\n<p>Die Geb\u00fchren sind in der aktuell g\u00fcltigen Friedhofsgeb\u00fchrenordnung vom 16.05.2025 geregelt (<a href=\"https:\/\/engagiert.evlks.de\/Friedhofsordnungen\/2025\/2025-11-04\/34021-2025-252.pdf\">Friedhofsgeb\u00fchrenordnung<\/a> i. V. m. <a href=\"https:\/\/engagiert.evlks.de\/Friedhofsordnungen\/2025\/2025-11-04\/34021-2025-250.pdf\">1. Nachtrag zur Friedhofsgeb\u00fchrenordnung<\/a>). Bei Fragen wenden Sie sich gern an die Friedhofsverwaltung.&nbsp;<\/p>\n","protected":false},"excerpt":{"rendered":"<p>Wer aus dem Erzgebirge den Harthauer Berg herunter f\u00e4hrt, erkennt als erste Chemnitzer Kirche die Lutherkirche Harthau und den oberhalb davon liegenden Friedhof. Er wurde 1904 er\u00f6ffnet \u2013 noch vor dem Bau der Kirche \u2013 und ersetzte den die Alte Kirche umgebenden Friedhof, der f\u00fcr die damals rasant gestiegene Einwohnerzahl des Industrieortes nicht mehr ausreichte. &hellip; <a href=\"https:\/\/michaelis.kirchechemnitz.de\/wordpress\/friedhoefe\/friedhof-harthau\/\" class=\"more-link\"><span class=\"screen-reader-text\">Friedhof Harthau<\/span> weiterlesen<\/a><\/p>\n","protected":false},"author":1,"featured_media":300,"parent":316,"menu_order":0,"comment_status":"closed","ping_status":"closed","template":"","meta":{"footnotes":""},"class_list":["post-298","page","type-page","status-publish","has-post-thumbnail","hentry"],"_links":{"self":[{"href":"https:\/\/michaelis.kirchechemnitz.de\/wordpress\/wp-json\/wp\/v2\/pages\/298","targetHints":{"allow":["GET"]}}],"collection":[{"href":"https:\/\/michaelis.kirchechemnitz.de\/wordpress\/wp-json\/wp\/v2\/pages"}],"about":[{"href":"https:\/\/michaelis.kirchechemnitz.de\/wordpress\/wp-json\/wp\/v2\/types\/page"}],"author":[{"embeddable":true,"href":"https:\/\/michaelis.kirchechemnitz.de\/wordpress\/wp-json\/wp\/v2\/users\/1"}],"replies":[{"embeddable":true,"href":"https:\/\/michaelis.kirchechemnitz.de\/wordpress\/wp-json\/wp\/v2\/comments?post=298"}],"version-history":[{"count":13,"href":"https:\/\/michaelis.kirchechemnitz.de\/wordpress\/wp-json\/wp\/v2\/pages\/298\/revisions"}],"predecessor-version":[{"id":7782,"href":"https:\/\/michaelis.kirchechemnitz.de\/wordpress\/wp-json\/wp\/v2\/pages\/298\/revisions\/7782"}],"up":[{"embeddable":true,"href":"https:\/\/michaelis.kirchechemnitz.de\/wordpress\/wp-json\/wp\/v2\/pages\/316"}],"wp:featuredmedia":[{"embeddable":true,"href":"https:\/\/michaelis.kirchechemnitz.de\/wordpress\/wp-json\/wp\/v2\/media\/300"}],"wp:attachment":[{"href":"https:\/\/michaelis.kirchechemnitz.de\/wordpress\/wp-json\/wp\/v2\/media?parent=298"}],"curies":[{"name":"wp","href":"https:\/\/api.w.org\/{rel}","templated":true}]}}