{"id":6803,"date":"2021-04-25T22:21:56","date_gmt":"2021-04-25T20:21:56","guid":{"rendered":"https:\/\/michaelis.kirchechemnitz.de\/wordpress\/?page_id=6803"},"modified":"2023-11-28T10:02:30","modified_gmt":"2023-11-28T09:02:30","slug":"alte-kirche-harthau","status":"publish","type":"page","link":"https:\/\/michaelis.kirchechemnitz.de\/wordpress\/kirchgebaeude\/alte-kirche-harthau\/","title":{"rendered":"Alte Kirche Harthau"},"content":{"rendered":"\n<p>Harthau (\u201eOrt am Bergwald\u201c) wurde 1340 zum ersten Mal urkundlich erw\u00e4hnt, als ein Dietrich von Rabenstein den Gasthof seines Dorfes \u201eHarte\u201c verkaufte. 1540 gab es hier 14 Bauerng\u00fcter und 9 H\u00e4user. Wesentlichen Aufschwung brachte die Industrialisierung, die mit der Errichtung der ersten s\u00e4chsischen Fabrikspinnerei durch die Gebr\u00fcder Bernhard 1798 begann und mit vielen weiteren Betrieben fortgesetzt wurde. Die Einwohnerzahl stieg bis 1930 auf \u00fcber 7000 (heute 2400). 1950 wurde der Ort nach Chemnitz eingemeindet.<\/p>\n\n\n\n<p>\u00dcber die Erbauung der Kirche, sicher bald nach Ortsgr\u00fcndung, ist nichts bekannt. Hier kamen die Bewohner von Harthau, Berbisdorf und Eibenberg zu Gottesdiensten, Taufen, Trauungen und Beerdigungen zusammen. 1609 und 1765 wurde die Kirche grundlegend um- und ausgebaut, sp\u00e4ter mehrmals renoviert. Ende des 19. Jahrhunderts war sie viel zu klein f\u00fcr die Bev\u00f6lkerung. So wurden am gegen\u00fcberliegenden Berghang ein neuer Friedhof und eine neue Kirche errichtet.&nbsp;Anschlie\u00dfend sollte die Alte Kirche abgerissen werden, was jedoch der Denkmalschutz untersagte. 1918 wurde sie au\u00dfen instandgesetzt und 1925&nbsp;im Inneren als \u201eHeldenged\u00e4chtnisst\u00e4tte\u201c&nbsp;f\u00fcr die Gefallenen des 1. Weltkrieges umgestaltet. Nach dem 2. Weltkrieg wieder ungenutzt, war sie dem Verfall preisgegeben. Aus Geld- und Materialmangel setzte man nur Dachreiter und Dach instand.&nbsp;&nbsp;Doch die Fenster waren zerst\u00f6rt und so gab es manche Eindringlinge.<\/p>\n\n\n\n<figure class=\"wp-block-image size-large\"><img loading=\"lazy\" decoding=\"async\" width=\"1280\" height=\"857\" src=\"https:\/\/michaelis.kirchechemnitz.de\/wordpress\/wp-content\/uploads\/2021\/04\/AKi_vorher-1280x857.jpg\" alt=\"\" class=\"wp-image-6798\" srcset=\"https:\/\/michaelis.kirchechemnitz.de\/wordpress\/wp-content\/uploads\/2021\/04\/AKi_vorher-1280x857.jpg 1280w, https:\/\/michaelis.kirchechemnitz.de\/wordpress\/wp-content\/uploads\/2021\/04\/AKi_vorher-300x201.jpg 300w, https:\/\/michaelis.kirchechemnitz.de\/wordpress\/wp-content\/uploads\/2021\/04\/AKi_vorher-150x100.jpg 150w, https:\/\/michaelis.kirchechemnitz.de\/wordpress\/wp-content\/uploads\/2021\/04\/AKi_vorher-768x514.jpg 768w, https:\/\/michaelis.kirchechemnitz.de\/wordpress\/wp-content\/uploads\/2021\/04\/AKi_vorher-1536x1028.jpg 1536w, https:\/\/michaelis.kirchechemnitz.de\/wordpress\/wp-content\/uploads\/2021\/04\/AKi_vorher.jpg 1840w\" sizes=\"auto, (max-width: 1280px) 100vw, 1280px\" \/><\/figure>\n\n\n\n<p>Um 1970 sollte die Alte Kirche wieder Gottesdienstst\u00e4tte werden &#8211;&nbsp;hier schien die Restaurierung eher m\u00f6glich als in der wesentlich gr\u00f6\u00dferen Lutherkirche. Arch\u00e4ologische Ausgrabungen erfolgten. Es wurden Fenster erneuert und vergittert, Drainage um das Geb\u00e4ude verlegt und mit dem Abbau der Emporen begonnen. Da aber der Kirchgemeinde die Verantwortung f\u00fcr die \u201egro\u00dfe Kirche\u201c nicht abgenommen wurde, wurde ab 1980 doch diese restauriert und erst anschlie\u00dfend konnte man intensiver \u00fcber die Alte Kirche nachdenken \u2013 h\u00f6chste Zeit, denn inzwischen war auch hier die Bausubstanz akut gef\u00e4hrdet.<\/p>\n\n\n\n<p>1991-2001 erfolgte eine Au\u00dfenrestaurierung, dabei wurden der Dachreiter v\u00f6llig erneuert, das Dach neu gedeckt (daf\u00fcr viele Balken repariert), bessere Drainage verlegt, neuer Putz in historischer Handwerkstechnik sowie ein Farbanstrich nach alten Befunden aufgetragen.&nbsp;<\/p>\n\n\n\n<figure class=\"wp-block-image size-large\"><img loading=\"lazy\" decoding=\"async\" width=\"1280\" height=\"960\" src=\"https:\/\/michaelis.kirchechemnitz.de\/wordpress\/wp-content\/uploads\/2021\/04\/AKi_Ausbau-1280x960.jpg\" alt=\"\" class=\"wp-image-6804\" srcset=\"https:\/\/michaelis.kirchechemnitz.de\/wordpress\/wp-content\/uploads\/2021\/04\/AKi_Ausbau-1280x960.jpg 1280w, https:\/\/michaelis.kirchechemnitz.de\/wordpress\/wp-content\/uploads\/2021\/04\/AKi_Ausbau-300x225.jpg 300w, https:\/\/michaelis.kirchechemnitz.de\/wordpress\/wp-content\/uploads\/2021\/04\/AKi_Ausbau-150x113.jpg 150w, https:\/\/michaelis.kirchechemnitz.de\/wordpress\/wp-content\/uploads\/2021\/04\/AKi_Ausbau-768x576.jpg 768w, https:\/\/michaelis.kirchechemnitz.de\/wordpress\/wp-content\/uploads\/2021\/04\/AKi_Ausbau-1536x1152.jpg 1536w, https:\/\/michaelis.kirchechemnitz.de\/wordpress\/wp-content\/uploads\/2021\/04\/AKi_Ausbau.jpg 2000w\" sizes=\"auto, (max-width: 1280px) 100vw, 1280px\" \/><\/figure>\n\n\n\n<p>2003 begannen die Arbeiten im Inneren der Kirche. Dabei wurde die historische Bausubstanz erhalten, neue Materialien entsprechend der k\u00fcnftigen Nutzung eingesetzt. So bleiben die verschiedenen Epochen von Baugeschichte und Ausstattung sichtbar. Dazu geh\u00f6ren Altarplatte,&nbsp;&nbsp;Taufstein und Sakramentsnische aus der Zeit vor der Reformation, Reste der ehemaligen Felderdecke von 1609 (jetzt an der oberen Empore), die Altarfiguren des Chemnitzer Bildhauers Christian Suttinger von 1682 und der Prospekt der 1866 von Spinnereibesitzer Solbrig gestifteten Orgel. Um das Geb\u00e4ude f\u00fcr Veranstaltungen nutzbar zu machen, wurden Elektrik, Heizung, Wasser und Abwasser verlegt sowie ein WC und eine kleine K\u00fcche eingebaut.<\/p>\n\n\n\n<figure class=\"wp-block-image size-large\"><img loading=\"lazy\" decoding=\"async\" width=\"1280\" height=\"854\" src=\"https:\/\/michaelis.kirchechemnitz.de\/wordpress\/wp-content\/uploads\/2021\/04\/AKi_Friedhof-1280x854.jpg\" alt=\"\" class=\"wp-image-6802\" srcset=\"https:\/\/michaelis.kirchechemnitz.de\/wordpress\/wp-content\/uploads\/2021\/04\/AKi_Friedhof-1280x854.jpg 1280w, https:\/\/michaelis.kirchechemnitz.de\/wordpress\/wp-content\/uploads\/2021\/04\/AKi_Friedhof-300x200.jpg 300w, https:\/\/michaelis.kirchechemnitz.de\/wordpress\/wp-content\/uploads\/2021\/04\/AKi_Friedhof-150x100.jpg 150w, https:\/\/michaelis.kirchechemnitz.de\/wordpress\/wp-content\/uploads\/2021\/04\/AKi_Friedhof-768x513.jpg 768w, https:\/\/michaelis.kirchechemnitz.de\/wordpress\/wp-content\/uploads\/2021\/04\/AKi_Friedhof-1536x1025.jpg 1536w, https:\/\/michaelis.kirchechemnitz.de\/wordpress\/wp-content\/uploads\/2021\/04\/AKi_Friedhof.jpg 2000w\" sizes=\"auto, (max-width: 1280px) 100vw, 1280px\" \/><\/figure>\n\n\n\n<p>Der uralte Friedhof, der die Kirche umgab, wurde nach 1904 nicht mehr genutzt und in den Hungerjahren nach 1945 zu G\u00e4rten umfunktioniert, diese nach 1990 jedoch fast alle aufgegeben. So konnten Wiesen angelegt und eine ebene Fl\u00e4che f\u00fcr Veranstaltungen im Freien geschaffen werden. Das Ensemble wird an der S\u00fcdseite begrenzt von Grabst\u00e4tten ehemaliger Harthauer Industrieller und im S\u00fcdwesten abgeschlossen mit der Gruft von Familie Solbrig (der \u201eChemnitzer Wollk\u00f6nig\u201c Carl Friedrich Solbrig besa\u00df eine Spinnerei in Altchemnitz, \u00fcbernahm 1849 die ehemals Bernhardsche Spinnerei in Harthau und zog mit seiner Familie hierher). Diese lange vergessenen Zeugnisse einer f\u00fcr unseren Ort bedeutenden Zeit konnten im Zuge der Restaurierung der Alten Kirche instandgesetzt werden. Dazu kam noch ein aus der W\u00fcrschnitz geborgener Gedenkstein f\u00fcr den Vater der Spinnereigr\u00fcnder Gebr\u00fcder Bernhard, der restauriert und 2008 hier aufgestellt wurde. Ebenfalls rekonstruiert werden konnten die Natursteinmauer an der Ostseite des Gel\u00e4ndes sowie zuletzt Mauerteile und Zaun an der Grenze zur 1862 erbauten Schule, die von 1891 bis 1913 als Gemeindeamt genutzt wurde.<\/p>\n\n\n\n<figure class=\"wp-block-image size-large\"><img loading=\"lazy\" decoding=\"async\" width=\"1280\" height=\"960\" src=\"https:\/\/michaelis.kirchechemnitz.de\/wordpress\/wp-content\/uploads\/2021\/04\/AKi_Sterne-1280x960.jpg\" alt=\"\" class=\"wp-image-6800\" srcset=\"https:\/\/michaelis.kirchechemnitz.de\/wordpress\/wp-content\/uploads\/2021\/04\/AKi_Sterne-1280x960.jpg 1280w, https:\/\/michaelis.kirchechemnitz.de\/wordpress\/wp-content\/uploads\/2021\/04\/AKi_Sterne-300x225.jpg 300w, https:\/\/michaelis.kirchechemnitz.de\/wordpress\/wp-content\/uploads\/2021\/04\/AKi_Sterne-150x113.jpg 150w, https:\/\/michaelis.kirchechemnitz.de\/wordpress\/wp-content\/uploads\/2021\/04\/AKi_Sterne-768x576.jpg 768w, https:\/\/michaelis.kirchechemnitz.de\/wordpress\/wp-content\/uploads\/2021\/04\/AKi_Sterne-1536x1152.jpg 1536w, https:\/\/michaelis.kirchechemnitz.de\/wordpress\/wp-content\/uploads\/2021\/04\/AKi_Sterne.jpg 2000w\" sizes=\"auto, (max-width: 1280px) 100vw, 1280px\" \/><\/figure>\n\n\n\n<p>Alle Arbeiten erfolgten in enger Zusammenarbeit mit den Denkmalschutzbeh\u00f6rden. Sie wurden finanziert von Besuchern der Veranstaltungen und Einzelspendern, von der Stadt Chemnitz und dem S\u00e4chsischen Landesamt f\u00fcr Denkmalpflege sowie von der Kirchgemeinde als Eigent\u00fcmerin. Unter den Stichworten \u201eBegegnung \u2013 Musik \u2013 Wort \u2013 Kultur\u201c ist nun eine vielf\u00e4ltige Nutzung dieses \u00e4ltesten Geb\u00e4udes von Harthau m\u00f6glich. Das Foto zeigt das Innere im Advent 2020 \u2013 geschm\u00fcckt mit mehr als 1.000 Sternen.<\/p>\n","protected":false},"excerpt":{"rendered":"<p>Harthau (\u201eOrt am Bergwald\u201c) wurde 1340 zum ersten Mal urkundlich erw\u00e4hnt, als ein Dietrich von Rabenstein den Gasthof seines Dorfes \u201eHarte\u201c verkaufte. 1540 gab es hier 14 Bauerng\u00fcter und 9 H\u00e4user. Wesentlichen Aufschwung brachte die Industrialisierung, die mit der Errichtung der ersten s\u00e4chsischen Fabrikspinnerei durch die Gebr\u00fcder Bernhard 1798 begann und mit vielen weiteren Betrieben &hellip; <a href=\"https:\/\/michaelis.kirchechemnitz.de\/wordpress\/kirchgebaeude\/alte-kirche-harthau\/\" class=\"more-link\"><span class=\"screen-reader-text\">Alte Kirche Harthau<\/span> weiterlesen<\/a><\/p>\n","protected":false},"author":5,"featured_media":6801,"parent":319,"menu_order":3,"comment_status":"closed","ping_status":"closed","template":"","meta":{"footnotes":""},"class_list":["post-6803","page","type-page","status-publish","has-post-thumbnail","hentry"],"_links":{"self":[{"href":"https:\/\/michaelis.kirchechemnitz.de\/wordpress\/wp-json\/wp\/v2\/pages\/6803","targetHints":{"allow":["GET"]}}],"collection":[{"href":"https:\/\/michaelis.kirchechemnitz.de\/wordpress\/wp-json\/wp\/v2\/pages"}],"about":[{"href":"https:\/\/michaelis.kirchechemnitz.de\/wordpress\/wp-json\/wp\/v2\/types\/page"}],"author":[{"embeddable":true,"href":"https:\/\/michaelis.kirchechemnitz.de\/wordpress\/wp-json\/wp\/v2\/users\/5"}],"replies":[{"embeddable":true,"href":"https:\/\/michaelis.kirchechemnitz.de\/wordpress\/wp-json\/wp\/v2\/comments?post=6803"}],"version-history":[{"count":2,"href":"https:\/\/michaelis.kirchechemnitz.de\/wordpress\/wp-json\/wp\/v2\/pages\/6803\/revisions"}],"predecessor-version":[{"id":7417,"href":"https:\/\/michaelis.kirchechemnitz.de\/wordpress\/wp-json\/wp\/v2\/pages\/6803\/revisions\/7417"}],"up":[{"embeddable":true,"href":"https:\/\/michaelis.kirchechemnitz.de\/wordpress\/wp-json\/wp\/v2\/pages\/319"}],"wp:featuredmedia":[{"embeddable":true,"href":"https:\/\/michaelis.kirchechemnitz.de\/wordpress\/wp-json\/wp\/v2\/media\/6801"}],"wp:attachment":[{"href":"https:\/\/michaelis.kirchechemnitz.de\/wordpress\/wp-json\/wp\/v2\/media?parent=6803"}],"curies":[{"name":"wp","href":"https:\/\/api.w.org\/{rel}","templated":true}]}}