{"id":7825,"date":"2026-02-28T17:52:26","date_gmt":"2026-02-28T16:52:26","guid":{"rendered":"https:\/\/michaelis.kirchechemnitz.de\/wordpress\/?page_id=7825"},"modified":"2026-03-01T14:56:02","modified_gmt":"2026-03-01T13:56:02","slug":"friedhofsordnung","status":"publish","type":"page","link":"https:\/\/michaelis.kirchechemnitz.de\/wordpress\/friedhoefe\/friedhofsordnung\/","title":{"rendered":"Friedhofsordnung f\u00fcr beide Friedh\u00f6fe"},"content":{"rendered":"\n<p>Die g\u00fcltige Friedhofsordnung f\u00fcr die beiden Friedh\u00f6fe der Ev.-luth.-Kirchgemeinde Altchemnitz-Harthau finden Sie <a href=\"https:\/\/engagiert.evlks.de\/Friedhofsordnungen\/2025\/2025-11-26\/34021-2025-266.pdf\">unter diesem Link<\/a>. F\u00fcr Beratungen und R\u00fcckfragen steht Ihnen die Friedhofsverwaltung gern zur Verf\u00fcgung (<a href=\"\/kontakte\/\">&#8211;> Kontakt<\/a>)<\/p>\n\n\n\n<p><\/p>\n","protected":false},"excerpt":{"rendered":"<p>Die g\u00fcltige Friedhofsordnung f\u00fcr die beiden Friedh\u00f6fe der Ev.-luth.-Kirchgemeinde Altchemnitz-Harthau finden Sie unter diesem Link. F\u00fcr Beratungen und R\u00fcckfragen steht Ihnen die Friedhofsverwaltung gern zur Verf\u00fcgung (&#8211;> Kontakt)<\/p>\n","protected":false},"author":7,"featured_media":301,"parent":316,"menu_order":0,"comment_status":"closed","ping_status":"closed","template":"","meta":{"footnotes":""},"class_list":["post-7825","page","type-page","status-publish","has-post-thumbnail","hentry"],"_links":{"self":[{"href":"https:\/\/michaelis.kirchechemnitz.de\/wordpress\/wp-json\/wp\/v2\/pages\/7825","targetHints":{"allow":["GET"]}}],"collection":[{"href":"https:\/\/michaelis.kirchechemnitz.de\/wordpress\/wp-json\/wp\/v2\/pages"}],"about":[{"href":"https:\/\/michaelis.kirchechemnitz.de\/wordpress\/wp-json\/wp\/v2\/types\/page"}],"author":[{"embeddable":true,"href":"https:\/\/michaelis.kirchechemnitz.de\/wordpress\/wp-json\/wp\/v2\/users\/7"}],"replies":[{"embeddable":true,"href":"https:\/\/michaelis.kirchechemnitz.de\/wordpress\/wp-json\/wp\/v2\/comments?post=7825"}],"version-history":[{"count":8,"href":"https:\/\/michaelis.kirchechemnitz.de\/wordpress\/wp-json\/wp\/v2\/pages\/7825\/revisions"}],"predecessor-version":[{"id":7863,"href":"https:\/\/michaelis.kirchechemnitz.de\/wordpress\/wp-json\/wp\/v2\/pages\/7825\/revisions\/7863"}],"up":[{"embeddable":true,"href":"https:\/\/michaelis.kirchechemnitz.de\/wordpress\/wp-json\/wp\/v2\/pages\/316"}],"wp:featuredmedia":[{"embeddable":true,"href":"https:\/\/michaelis.kirchechemnitz.de\/wordpress\/wp-json\/wp\/v2\/media\/301"}],"wp:attachment":[{"href":"https:\/\/michaelis.kirchechemnitz.de\/wordpress\/wp-json\/wp\/v2\/media?parent=7825"}],"curies":[{"name":"wp","href":"https:\/\/api.w.org\/{rel}","templated":true}]}}